*p + a*d = -p + 92. What is the units digit of p?
2
What is the tens digit of (-9)/2*60/(-18)?
1
Let a be (-20)/6*(-18)/12. Suppose a*t - 19 = 11. What is the units digit of t?
6
Suppose 0 - 4 = -2*j. Let y be 13/j - (-21)/(-14). Let t = y + 4. What is the units digit of t?
9
Suppose l - 5*l = 40. Let d be (-366)/(-15) + 4/l. Suppose 0*b = -2*b + d. What is the tens digit of b?
1
Let i(a) = -76*a - 48. What is the tens digit of i(-4)?
5
Let o(u) = 3*u - 6. Let x be o(4). What is the units digit of 4/3*x/2?
4
Suppose -729 = -3*x + 4*s + 151, s + 590 = 2*x. What is the units digit of x?
6
Let i = 7 - 4. Suppose 0 = i*v - 5 - 19. What is the units digit of v?
8
Let m(o) = 6*o**3 + o**2 - 3*o + 3. Let l(v) = 5*v**3 + v**2 - 2*v + 2. Let r(p) = -3*l(p) + 2*m(p). What is the tens digit of r(-2)?
2
Let s be 1*(1 + (2 - 0)). Suppose -3*i - 1 = 5*h - 2, -25 = -5*h + 5*i. Suppose -h*n + s = -5. What is the units digit of n?
4
Let g(w) = -w - 5. Let t be g(-6). Suppose 3*y - 27 = -3*n, -y + t - 12 = -4*n. Suppose 3 = -l + n. What is the units digit of l?
1
Suppose 2*s = -2*s - 24. Let x = s + 26. Suppose -2*a + 4*p - 2 = -a, -5*a = -5*p - x. What is the units digit of a?
6
Let g(m) = m**2 + 4*m + 3. Suppose 7*p + 12 = 4*p. What is the units digit of g(p)?
3
Let h be 6/(-15) + (-22)/(-5). Suppose 2*k - h + 0 = 4*b, 2*k = -4*b - 4. What is the units digit of (4 - -3)/(b/(-1))?
7
Let a(t) = -6*t + 5. What is the tens digit of a(-4)?
2
Let u = 182 - 116. What is the tens digit of u?
6
Suppose 0*y = -3*y + 9. Suppose y*k = 7*k - 48. What is the tens digit of k?
1
Let t(q) = 6*q**2 + 3*q + 2. Let y(i) = -6*i**2 - 4*i - 3. Let l(r) = 4*t(r) + 3*y(r). What is the units digit of l(1)?
5
Let v = 11 - 6. Suppose 0 = -v*y + 3*s + 32, 1 = -4*y - 5*s - 3. Suppose y*k = k + 18. What is the units digit of k?
6
Suppose 5*d + 4*g = 2*d + 776, -3*d + 5*g + 731 = 0. What is the units digit of d?
2
Suppose -a + 21 = -2*a - 5*t, 2*a - 18 = 2*t. Suppose a*z - 136 = 4*y, 0 = z + z - 4*y - 72. What is the units digit of z?
2
Let o(m) = m**3 + 6*m**2 + m + 2. Let g be o(-6). Let v be 3/(-12) - 21/g. Suppose v = p, 0 = 4*n + 5*p - 22 - 11. What is the units digit of n?
2
Let y(v) be the third derivative of -v**5/60 - v**4/24 - 3*v**2. Let k be y(-1). Suppose k = 2*j - 30 - 6. What is the units digit of j?
8
Suppose 7*c = 6*c + 7. Let s(u) = -u - 1. Let q be s(c). Let r = q + 10. What is the units digit of r?
2
Let i = 63 - 45. Suppose -3*f + i = -f. What is the units digit of f?
9
Let l(r) = 2*r - 3. Let g be l(5). Suppose -30 = 2*z - g*z. What is the units digit of z?
6
Suppose -2*g - 56 = -4*g. Let o = g - 20. What is the units digit of o?
8
Let w = 4 - 1. Suppose -4*p + 8*y + 31 = w*y, 2*p = -5*y - 7. What is the units digit of p?
4
Let x be (-15 + 2 + -3)*(-2)/4. Let l(u) = -u - 1. Let m be l(5). Let d = x - m. What is the units digit of d?
4
Suppose 2*k - 5*n + 35 = 3*k, 0 = -3*k + 4*n + 105. What is the tens digit of k?
3
Let o = -3 - -2. Let k be (-1)/o + 2 + -1. Suppose -24 = -2*z - k*z. What is the units digit of z?
6
Let t(z) = -3*z**3 + 7*z**2 + z - 2. What is the units digit of t(-3)?
9
Suppose m + 1 + 1 = z, -12 = -4*m - z. Let i(o) = -3*o - 1. Let n be i(m). What is the units digit of 4/(-14) + (-58)/n?
8
Let j(l) = -2*l - 2. Let x be j(-4). Let y = x + -4. Suppose -4*v + 2*p + 34 = 0, -2*v + 37 = y*v - p. What is the units digit of v?
0
Let q be (-13)/(-3) - (-10)/15. Suppose 1 = 2*x + 4*v - 1, 4*x - 4 = -q*v. What is the units digit of 5 - (x - (1 + 2))?
7
Let i be (-1 + (-18)/(-10))*-120. Let b = -65 - i. What is the tens digit of b?
3
Let h = 72 - 41. What is the tens digit of h?
3
Let m(n) = 2*n + 68. What is the tens digit of m(-28)?
1
Let i(w) = -w**3 + 2*w**2 + 8*w - 7. Let q(u) = -u**3 + u**2 + 7*u - 6. Let j(z) = 4*i(z) - 5*q(z). What is the units digit of j(-3)?
1
Suppose -4*m + 16 = f - 16, -f + 4*m = -40. What is the tens digit of f?
3
Let m(t) = -20*t**2 - 8 + 1 - 4*t - 11*t - t**3 + 7*t**2. What is the units digit of m(-12)?
9
Suppose j + 120 = 2*n, 0*n - 4*n + 228 = 4*j. What is the units digit of n?
9
Suppose -3*g + 98 = 2*z, 201 = 5*g + 5*z + 41. What is the units digit of g?
4
Suppose -29 = i - 62. What is the tens digit of i?
3
Suppose -x - 1 = 2*o - 3*o, -5*o - 3*x = 3. Suppose o*p + 3*p - 16 = l, p + 4*l = 1. What is the units digit of p?
5
Suppose -2*h + 7*h = 40. Suppose -h*c + 3*c + 25 = 0. What is the units digit of c*(-2)/(-1 - 1)?
5
Suppose 0 = 2*s - u + 6, 0 = s - 3*s - 2*u + 6. Let v be s + (4/1 - 1). Suppose -v*g = g - 18. What is the units digit of g?
6
Let g = -236 + 602. What is the hundreds digit of g?
3
Let h(w) = -7*w**2 + w - 1. Let i be h(3). Let z = 85 + i. What is the units digit of z?
4
Suppose p - 30 = -11. What is the tens digit of p?
1
Let k(p) = p + 6. Let b be (-3 - -4)*(-6)/1. Let w be k(b). What is the units digit of (1 + w)*(-3 - -4)?
1
Let d be (18/(-12))/((-1)/2). Suppose 2*a - 18 = -3*a + 2*y, -5*y = d*a + 14. Suppose -j - a*j = -12. What is the units digit of j?
4
Let d(u) = u**3 - u**2 + u + 4. Let h be d(0). Suppose 2*i = -2*i - h. What is the units digit of 9 - (1 + i)*-1?
9
Let x(v) = v**2 + 2*v - 3. Let u be x(-3). Suppose -3 = -3*h - u. What is the units digit of h?
1
Let q = -56 - -113. What is the tens digit of q?
5
What is the units digit of (-4)/(-14) - 458/(-14)?
3
Let s be 2*(-3)/(-18)*-3. Let y be (-1)/(-1) - (0 + s). Suppose 0 = -3*i + 5*r - 2, 2*i + 4 - y = 4*r. What is the units digit of i?
1
Let k be 5/(30/4)*-24. Let c = -10 - k. What is the units digit of c?
6
Let j be (-4 + 1)/((-2)/(-4)). Let z = -4 - j. Suppose -z*u = u - 12. What is the units digit of u?
4
Let g(a) = -3*a**3 - 3*a**2 - a. Suppose -5*x = -3 + 13. What is the units digit of g(x)?
4
Let q be (9/6)/(6/20). Let l(n) = n**3 - 6*n**2 + 5*n + 6. What is the units digit of l(q)?
6
Let u = -38 - -72. What is the units digit of u?
4
Let p(g) = -g + 1. Let s be p(-2). Suppose -2*t + 5*r + s = 0, 3*t - 4*r - 7 = 15. What is the tens digit of t?
1
Let f = 97 + -55. What is the tens digit of f?
4
Let c = 2 + -13. What is the units digit of c/(-2*(-1)/(-2))?
1
Suppose 3*r = r - 4. Let v be r/4 + (-79)/(-2). Suppose -v = -3*i + 6. What is the tens digit of i?
1
Suppose 3*i = 4*a + a - 76, -63 = -3*a - 4*i. Let n = a + -6. What is the units digit of n?
1
Suppose -z - y = -112, -3*z + 456 = z - 4*y. What is the units digit of z?
3
Let y(q) = 18*q + 1. What is the units digit of y(1)?
9
Suppose -2*z + 28 = 2*z. Let k(i) = i - 1 - 2 + 2. What is the units digit of k(z)?
6
Let y = 681 - 266. What is the units digit of y?
5
Let l(j) = j**2 - 9*j - 5. Suppose 30 + 6 = 3*a. What is the units digit of l(a)?
1
Let v(w) = w**2 - 9*w + 8. Let q be v(8). Let z be 0/(q - 1 - -2). Suppose -3*l + 2*l + 2 = z. What is the units digit of l?
2
Let w = -9 - -50. What is the units digit of w?
1
Suppose 0 = -r + 4*r - 6. Suppose 0 = -2*o - 4, 0 = -n - r*o - 11 - 1. What is the units digit of -2 - (n + 2) - 1?
3
Let k(b) = 6*b**2 - 16*b - 11. What is the tens digit of k(5)?
5
Suppose 4*g = 3*d + 7, -3*g + 24 = 4*d - 0. Suppose 0 = -7*w + g*w. Suppose 3*o = 0, -4*x - 2*o + 36 + 4 = w. What is the units digit of x?
0
Let d = 73 - 38. What is the units digit of d?
5
Let p(v) = -v**3 + 5*v**2 + 2*v - 1. Let c be (-2)/(-3) + 104/(-12). Let h be (10/c)/((-1)/4). What is the units digit of p(h)?
9
Suppose 5*q - 132 = -12. What is the units digit of ((-2)/(-4))/(3/q)?
4
Let f be 1/(-2) - (-2)/4. Suppose -5*q = -f*q + 5. Let b = q + 3. What is the units digit of b?
2
Suppose 3*t + 29 = 3*z + 4*t, 3*z = 4*t + 49. Let x(i) = i**3 - 11*i**2 + 2*i + 3. What is the units digit of x(z)?
5
Let v = 5 + -5. Suppose v = 3*m + 9 - 39. What is the units digit of m?
0
Let y be (-1 - -1)*3/6. Suppose 5*j + 3*h + y*h = 168, -4*h - 196 = -5*j. Suppose -f = 3*f - j. What is the units digit of f?
9
Let a be 30/(-40) + 19/4. Suppose 0 = -0*b - 3*b + 213. Suppose -19 = a*c - b. What is the units digit of c?
3
Let t = 8 - 5. Suppose -4*z + 5*y = -14, 6*y + 9 = 3*z + t*y. What is the units digit of z?
1
Let r(f) = -4*f - 2*f + 2 + 4 - 2*f**2. Let o be r(-5). Let w = -5 - o. What is the units digit of w?
9
Suppose -2*g + 78 = -5*g. Let h = -18 - g. What is the units digit of h?
8
Let x = 16